t(q) = -6*h(q) - 13*v(q). Determine t(-6).
-2
Suppose 2*b - m = 3*m + 20, -4*b - 4*m + 4 = 0. Let d = -5 + b. Let k(o) = o**2 - o - 1. What is k(d)?
1
Let d(b) = b - 7. Let q be d(6). Let i(m) = -m**3 - m**2 - m. Let t be i(q). Let g(y) = 5*y. Give g(t).
5
Let k(u) = -2*u**2 - 3*u + 4. Let r(i) = 5*i**2 + 5*i - 8. Let d(s) = -7*k(s) - 3*r(s). Give d(4).
4
Let y = -4 - -6. Let v(d) = -3 - 3*d + 6 - 3 - d**3 + d**y + 3. Calculate v(2).
-7
Let t(j) = -j**2 - 5*j + 7. Let x = 8 + -14. Determine t(x).
1
Let j(k) = k**3 - k**2 - 5*k + 3. Suppose 10 = -5*i, 4 - 5 = -p - i. Let m be j(p). Let s(v) = v**2 - 8*v + 9. Determine s(m).
-3
Let j(d) = -5*d**3 - 2*d**2 + 6*d - 2. Let f(l) = -11*l**3 - 4*l**2 + 13*l - 4. Let y(v) = -6*f(v) + 13*j(v). Suppose -6*h = -2*h - 12. Determine y(h).
7
Let j(d) = 2*d - d + 3*d - 7 - 3*d. Let l = -1 - -5. Calculate j(l).
-3
Let g(s) = -1 - 4*s + s**3 + 2*s - 4*s**2 + 0 + 2. Suppose i - 8 = -i. Give g(i).
-7
Let d = -5 - -5. Let f(w) = w**2 - 2*w - w**3 + 0*w**3 + d + 2 + w**2. Suppose y + 12 = 5*y + 4*c, 4*c = -y + 6. What is f(y)?
-2
Suppose -4*i - 3 = -i + 4*j, 0 = -5*i + 5*j - 5. Let c(a) = -7*a**3 + a**2 + a + 1. Give c(i).
8
Let m = 16 + -9. Let y(v) = -11*v**2 - 6 + 4*v**2 + 2*v**3 + m*v - 3*v**3. Let t be y(-8). Let w(r) = 3*r - 2. Calculate w(t).
4
Let r be (7/14)/(2 - (0 + -1)). Let f(z) be the third derivative of z**2 + 0*z + 1/3*z**3 + 0 + r*z**4. Give f(-2).
-6
Let a(v) = 2*v + 0*v + v**3 - 4 + 3*v - 7*v - 4*v**2. Calculate a(4).
-12
Suppose 5*f - 7 = -4*t + 2*f, 4*f = 3*t + 26. Let h(i) = i. Let g be h(t). Let m(l) = -3*l - 1. What is m(g)?
5
Let j(q) = -q**2 - 10*q**2 + 4 + q + 12*q**2. Calculate j(-3).
10
Let b(w) be the second derivative of -w**3/6 - 2*w**2 - 8*w. Give b(-4).
0
Let b(o) = -2*o - 2. Let s(x) be the second derivative of -x**3/6 - 17*x**2/2 - 4*x. Let n be s(-13). Give b(n).
6
Let k(p) = -p**2 + 3*p + 4. Suppose -10*d + 25 = -5*d. Calculate k(d).
-6
Let s(v) = -19*v. Let f = 105 - 104. Give s(f).
-19
Let v(h) = -h + 4. Let t(f) = f + 2. Let b be t(-5). Determine v(b).
7
Suppose 0 = -2*f + 4*f - 6. Let l(r) = f + 6*r + 1 - 4. Give l(1).
6
Suppose -3*r + 5 = z, -z - r = 4*r - 7. Let i(v) = -11*v**2 + 2 + 3*v + 4*v + 12*v**z. Calculate i(-6).
-4
Let l = 101 + -99. Let w(f) = 2*f**3 - 3*f**2 + f + 2. Calculate w(l).
8
Suppose -m - 2*m + 9 = c, -4*m = c - 14. Let z(k) = -k + 2. Determine z(c).
8
Let i(t) = t**2. Let m(u) = -6*u**2 - 5*u - 4. Let j(p) = -5*i(p) - m(p). What is j(-6)?
10
Let r(f) = 1. Let t(i) = 2*i**2 - i + 6. Let n(p) = 5*r(p) - t(p). Suppose 14*g = 6*g + 16. Determine n(g).
-7
Suppose 9 = 4*l - 2*y - 1, 0 = 4*y + 20. Let x(t) be the first derivative of 1/2*t**2 + 2 - 2*t + 1/3*t**3. Calculate x(l).
-2
Let s be 2/3 + (-16)/6. Let z(q) = -q**3 - 2 + 2*q**3 + 4*q**2 + 3*q - 4*q. What is z(s)?
8
Let s(j) be the first derivative of 0*j + 2*j**2 - 2 - 1/3*j**3. Calculate s(5).
-5
Let f(h) = -h**3 - h**2 + 4*h. Let n = 20 + -23. Determine f(n).
6
Let m(l) = l**2 + 3*l + 1. Let c(g) = -3*g + 5. Let y be c(3). Calculate m(y).
5
Let f(x) = -x**3 + 5*x**2 + 6*x - 4. Let t be f(6). Suppose 3*r - 16 = -5*o, 3*r + 4*o - 18 = -2*r. Let v(i) = 5*i**r + 2*i + 0 + i**3 + 1 - 4. Give v(t).
5
Suppose -4 + 9 = 3*q + 4*j, -5*q - 2*j = 1. Let b(a) = 2*a - 1. Calculate b(q).
-3
Let p(l) be the first derivative of -2*l**2 - 4*l - 5. Let g(i) = 3*i + 3. Let o(y) = -3*g(y) - 2*p(y). What is o(2)?
-3
Let n(w) be the second derivative of 3*w**5/4 + w**4/12 - w**2/2 - 5*w. Determine n(1).
15
Suppose -4*m = -8*m - 28. Let g(p) = -p**3 - 8*p**2 - 8*p. Determine g(m).
7
Suppose 2*m + 7*s - 18 = 5*s, 5 = s. Let j(p) be the second derivative of p**3/3 - 3*p**2/2 - 3*p. What is j(m)?
5
Let h(m) be the third derivative of m**5/60 + m**4/6 - m**3/6 - 4*m**2. What is h(-3)?
-4
Let l(r) = -1 + 5*r + 1 - r + 1. Determine l(1).
5
Let l(h) = h**2 - 6*h + 9. Let n = -37 - -43. Give l(n).
9
Let m be ((-8)/(-10))/(1/5). Let h(r) = r**3 - 3*r**2 - 4*r + 4. Let o be h(m). Let p(g) = g**3 - 4*g**2 + g + 2. What is p(o)?
6
Suppose -m = -3*m + 16. Let y be (m/6)/(4/6). Let b(j) = -3*j + 6. Let i(q) = -6*q + 13. Let h(f) = -9*b(f) + 4*i(f). Determine h(y).
4
Suppose -3*h + 2 = 4*a, -1 = 2*h + 3*a - 3. Let b be h/(-9) - (-10)/(-45). Suppose -4*p + 7*p + 12 = b. Let f(z) = z**2 + 3*z + 5. Determine f(p).
9
Let w be (9/(-12))/(15/40). Let u(j) = 8*j + 2. Let i(y) = -4*y - 1. Let v(k) = -9*i(k) - 4*u(k). Calculate v(w).
-7
Suppose -4*y + 3*g = -29, 0 = 3*y + 3*g + 10 - 58. Suppose 2*v - 3 = -y. Let o(p) = p**2 + 6*p + 6. What is o(v)?
-2
Let c(u) be the third derivative of u**8/6720 - u**7/1680 + u**6/360 + u**5/30 - 3*u**2. Let i(x) be the third derivative of c(x). Give i(2).
8
Let b = -2 - -2. Let p = b - -1. Let y(s) = -p + 4*s - 3*s - 3*s**2 + 3*s - s**3. Calculate y(-4).
-1
Let i(w) be the second derivative of w**5/20 - w**4/3 - w**3/6 - 3*w**2/2 - 5*w + 1. What is i(3)?
-15
Let y be 2/(-8) + 39/12. Suppose y*q - 4*n - 18 = 0, 5 - 2 = -n. Let f(h) = 2*h. What is f(q)?
4
Let r(o) = -2*o. Let h = 126 - 130. What is r(h)?
8
Let n(m) = m**3 + 2*m - 1. Let y be 1/(-5) - (-42)/10. Suppose -y*a + 3 = -1. What is n(a)?
2
Let o(m) = m - 1. Let b be (-12)/(-15)*(4 + 1). Suppose -b = -s - 0*s. Suppose 2*v = s*q + 4, -5*q = -4*v - q - 4. What is o(v)?
-5
Let a(n) be the first derivative of -n**3/3 + 3*n**2 + n - 7. Give a(5).
6
Let j(y) = -7*y**2 + 6*y + 3. Let m(i) = 8*i**2 - 7*i - 3. Let s(g) = -7*j(g) - 6*m(g). Let p = 11 + -8. Calculate s(p).
6
Suppose 5 - 65 = -10*r. Let q(i) = -i + 12. Give q(r).
6
Let n = -21 - -26. Let z(y) = y**2 - 3*y + 3. What is z(n)?
13
Suppose 4*g = 2 + 2. Let k be (-6 + 9)*g/(-3). Let t(x) = -2*x**2 + x + 1. Calculate t(k).
-2
Let f(s) = 2*s**2 - 2*s**2 + 2*s**2 - 5 - s**2 + 5*s. Suppose m + 3*p = -9, 0*m + 4*p + 10 = -2*m. Suppose -m*u + 1 = 19. What is f(u)?
1
Let q(h) = 4 - h - h + 7*h + 2*h. Determine q(-3).
-17
Let z be ((-8)/(-2))/((-6)/21). Let w be (-4)/z + (-120)/(-21). Let k(x) be the second derivative of x**3/6 - 13*x**2/2 - 15*x - 4. What is k(w)?
-7
Let z(c) = -c**3 + 3*c**2 - 2*c + 3. Let d be (4/4)/(1/(-7)). Let b = d + 9. Give z(b).
3
Let b(d) = 2*d**2 - 2. Suppose -2*p - 14 = -10. What is b(p)?
6
Suppose -f + 5*k - 4 - 9 = 0, -5*k = 3*f - 61. Let m = -15 + f. Let h(x) = -3 + x + 4 + 3. Calculate h(m).
1
Let n(y) = -2*y - 10. Let z be (10/(-30))/(2/(-114)). Suppose 7*b = z - 68. Determine n(b).
4
Let w(f) = -f**3 + 6*f**2 - 7*f + 5. Suppose 15 = 2*h + 3*h. Let y be (h/(6/32))/2. Let j(d) = -d**3 + 7*d**2 + 8*d + 4. Let r be j(y). Give w(r).
9
Let m(t) = t**3 + t**2 - 1. Let q(y) = 4*y**3 - 2*y**2 + 3*y. Let a(c) = -3*m(c) + q(c). Let j be a(4). Let n(o) = -7*o. What is n(j)?
7
Let g = -19 - -12. Let u(v) = v + 2. Give u(g).
-5
Let v(x) = x**3 + 4*x**2 - 4*x + 3. Let c be v(-5). Let r = -7 + 9. Let t(h) = 3 + 4 + 2*h**r - 8 + 2*h**3. Determine t(c).
-9
Let j(m) = -5*m**2 - m + 2. Let g(h) = -14*h**2 - 2*h + 5. Let b(c) = 6*g(c) - 17*j(c). Let r be 1/2 - (-22)/(-4). Give b(r).
-4
Let q be (36/21)/(4/14). Let n(a) = a**2 - 5*a + 4. What is n(q)?
10
Let n(o) = -o**2 + 3*o + 2. Suppose -5*z - 5*j + 0*j = 130, -28 = z - j. Let t be 6/27 + (-102)/z. Determine n(t).
-2
Suppose -3*r - 10 = -r. Let o(i) be the first derivative of -i**4/4 - 5*i**3/3 + 3*i**2/2 + 4*i + 147. Determine o(r).
-11
Let t(u) = -17*u - 17*u + 1 + 31*u - u**2. Suppose 3*b = 2*b - 6. Give t(b).
-17
Let u(m) = m**2 + m + 1. Let z(l) = l**2 + l + 5. Suppose 3*o - 2*g + 10 = 0, 3*o + 2*g + g = 0. Let n(y) = o*u(y) + z(y). Calculate n(-4).
-9
Suppose t = 0, -3*f - 3*t - 3 = t. Let i(d) = -2*d**3 - 2*d**2 - d. Give i(f).
1
Let b(c) be the third derivative of c**6/120 - c**5/10 + c**4/12 - 3*c**3/2 + 3*c**2. Suppose 0 = 2*o - 12. Give b(o).
3
Let t(v) = 12*v**2 + 11*v - 3. Let w(d) = -4*d**2 - 4*d + 1. Let j(m) = 6*t(m) + 17*w(m). Give j(-1).
5
Let w(t) = -2*t**2 + 3*t + 1. Suppose 0 = -2*a - 0*a - 24. Let k be 9/(-2)*a/18. Suppose -5*z = 2*m - 6, -k*m - 2*z + 12 = m. Calculate w(m).
-8
Suppose 0*t + r = 3*t - 8, 2*r = -2*t. Let x be (-3 - -1*t)/1. Let i = 4 + x. Let v(q) = q**2 - q + 3. Calculate v(i).
9
Let i(b) = -20*b + 2 + 3*b**2 + 4 - 2*b**2 + 25*b. Give i(-5).
6
Let k(h) = -h + 8. Let i(a) = a**2. Let r be i(2). Let t be k(